l) + 2*i(l). Is m(1) a composite number?
False
Let t = 263 + -184. Is t a prime number?
True
Suppose -d + 884 = -5*k, d - 787 - 73 = -3*k. Is d prime?
False
Let j(u) = -u**2 - 5*u + 2. Let v be j(-5). Let k be 2/(-1) + v*2. Is k/8 + (-43)/(-4) composite?
False
Suppose -5*p + 19 = -6. Let f be (1 + -1)*p/(-10). Suppose f*w + 2 = 4*w - 3*n, 4*n = -w + 10. Is w a prime number?
True
Let v(f) = 79*f - 4. Suppose 0 = -5*c + 5*b + 30, -3*b = 3*c - 0*b. Is v(c) prime?
True
Let d(n) = -n**2 - 5*n + 1. Let m be d(-4). Suppose 9*i - m*i - 508 = 0. Is i a prime number?
True
Suppose -2*v + 245 = 3*v - 4*y, 5 = y. Is v composite?
False
Let z = 319 - 206. Is z prime?
True
Let s = 4208 - 2979. Suppose 4*c + 3*x = s, x = -4*c - x + 1226. Is c prime?
False
Suppose 30*f - 31*f = -499. Is f a composite number?
False
Let o(s) = 26*s - 3. Let m be o(2). Let r(x) = 13*x**3 - x**2 + x + 1. Let t be r(-1). Let g = t + m. Is g a prime number?
False
Let a(t) = -t + 1. Let z be a(-2). Suppose p = 3*b - 115, z*b - 49 = 2*b + 3*p. Is b a composite number?
False
Let j(c) = -c**3 - 9*c**2 - 10*c + 9. Let g be j(-8). Let l = g - 11. Suppose 0 = -3*p + 41 - l. Is p a prime number?
False
Let q = 16 + -14. Suppose -2*a = 2*o - o - 1779, -5*a = q*o - 4447. Is a composite?
True
Suppose 812 = -y + 6*y + o, -y - 3*o = -154. Is y composite?
False
Suppose -16 = -j + 73. Is j a prime number?
True
Suppose -o - 3 = -2*i, 4*i = -5*o + 13 + 14. Suppose n = i*y - 12, 2*n - y - 2*y = -18. Is (220/n)/((-20)/30) composite?
True
Let l = 2570 - 157. Is l prime?
False
Let i(z) = -z**2 - z. Let p be i(-1). Suppose 4*g - 56 = -p*g. Is g composite?
True
Let c(w) = 336*w**2 - w. Let m = -19 - -20. Is c(m) a composite number?
True
Let q(c) = -81*c**3 + 3*c**2 + 5. Is q(-3) a prime number?
False
Suppose 7*h = 9373 + 5670. Is h a prime number?
False
Let j(c) = -3*c**2 + c - 4 + 4*c**2 + c. Let v be j(-6). Let k = 30 - v. Is k a prime number?
False
Suppose 3*g + 95 = c, -2*g - 3 = 1. Let v = 2 - 0. Let k = v + c. Is k a composite number?
True
Suppose -2*c + c - 56 = 0. Let b = c + 123. Is b a composite number?
False
Suppose -n = 13 + 24. Let j = 95 + n. Is j a composite number?
True
Suppose 3*a = -4*q - 0*q + 1096, -q = 5*a - 274. Is q a prime number?
False
Let c(w) = 9*w + 4. Let j be c(-4). Let m be (2 + -3)*-2 + j. Let g = 43 + m. Is g a prime number?
True
Suppose -44*o + 46*o = 2786. Is o prime?
False
Suppose -2*a = 2*u - 261 - 199, -245 = -u + 4*a. Is u composite?
False
Let o(r) = r**3 - 4*r**2 + 3*r. Let f be o(2). Is 1/f - 31/(-2) a composite number?
True
Let v(b) = -b**2 + 4*b + 3. Let a(s) = -4*s - 3. Let w be a(-2). Let u be v(w). Is (u/(-6))/((-1)/(-111)) a composite number?
False
Is (2124/(-30))/(2/(-5)) composite?
True
Suppose 1645 = -5*o - 1410. Is o/(-3) - 6/9 a composite number?
True
Let m(n) = -n**3 + 19*n**2 - 19*n - 13. Is m(14) composite?
False
Let z be 1/4*40/(-10). Is ((-46)/6)/(z/33) a composite number?
True
Is 5/15 + (-542)/(-3) prime?
True
Let b = 44 + -13. Is b a prime number?
True
Let u(l) = -l**3 - 3*l**2 + 4*l + 2. Let a be u(-4). Let m(i) = 1. Let z(j) = -6*j + 6. Let d(v) = 8*m(v) - z(v). Is d(a) a composite number?
True
Let r(a) = a - 7. Let u be r(7). Let q be 1*(u + (-282)/(-3)). Suppose q = 3*y - w, -3*w = -y + w + 35. Is y a prime number?
True
Let c(i) = i**3 + 6*i**2 + 2. Let t be c(-6). Suppose 0 = -t*j - 13 + 75. Is j prime?
True
Suppose 5*u = 12 + 18. Let g be (1 - 2)*1*-9. Is u/g + 218/6 a prime number?
True
Let m = 5952 + -3749. Is m a prime number?
True
Is (-1 + (-5)/(-3))/((-16)/(-44328)) composite?
False
Suppose b - 1 = 2. Suppose 4*j - 48 = 4*y, b*j - y = -2*y + 32. Is j a prime number?
True
Suppose 4*f - 23 - 1 = 0. Suppose -h + 4*g + 0*g = -f, -g - 68 = -5*h. Is h a composite number?
True
Is 10 + 0 + 4 + -1 prime?
True
Let y(s) = -s**3 + 12*s**2 + 5*s + 5. Is y(9) a prime number?
True
Suppose -653 - 684 = -7*o. Is o composite?
False
Suppose 8 = 2*y + 3*b, -3*y + 5*b + 16 = 42. Let t(z) = 2*z**2 + 3*z + 2. Let o be t(y). Suppose -3 + 1 = 2*v, 3*k + o*v - 5 = 0. Is k a prime number?
True
Is ((-3314)/(-10))/(6/30) composite?
False
Let u(g) = 14*g**2 - g - 2. Is u(7) composite?
False
Suppose 0 = p - 2*w - 279, w + 0*w + 570 = 2*p. Is p composite?
True
Suppose -18 = 3*c - 6. Is (2*-4 - c) + 131 composite?
False
Let y = 1 + 1. Suppose 0 = -y*u + 67 + 331. Is u a prime number?
True
Let q = 17 - 17. Suppose 2*u - 4*u + 254 = q. Is u a composite number?
False
Let w(p) = 7*p**3 + 3*p**2 + 8*p + 12. Let x(j) = 8*j**3 + 2*j**2 + 9*j + 13. Let b(h) = -6*w(h) + 5*x(h). Is b(-6) a composite number?
True
Suppose 4*m + 0*m - 764 = 0. Is m prime?
True
Let s be 260 + (1 - 3 - 1). Is 4/(-10) - s/(-5) a prime number?
False
Suppose -8 = 5*h + 7. Let z be -2 + 2 - h/1. Suppose -2*k = 3*k, -3*k = z*a - 99. Is a prime?
False
Suppose -2*v - 314 - 54 = 0. Let i = -131 - v. Is i a composite number?
False
Let x = -2 + -7. Let o(f) = f**2 + 7*f + 9. Let v be o(x). Suppose 5*d - a - v = 0, -2*a - 24 = -5*d - 0*a. Is d composite?
True
Is (1262/(-6))/(6/18*-1) composite?
False
Let m(l) = -l**3 + 15*l**2 - 16*l - 4. Let i be m(11). Let h = i - 83. Is h a prime number?
False
Let j(g) be the third derivative of g**5/60 + g**4/8 + g**3/2 - 5*g**2. Is j(-3) prime?
True
Suppose 0 = u - 0*u. Suppose u = -5*w + 2*w - 3. Is (-18)/(-3)*(w - -2) composite?
True
Is ((-28)/4)/(1/(3 + -6)) composite?
True
Let n be -5 + 3 + (-169)/1. Let t = n - -120. Let j = t + 74. Is j prime?
True
Suppose 3*a + 2*a = 25. Suppose -2*x - 40 = -s - a*x, -112 = -3*s - x. Is s a composite number?
False
Let g(j) = -1642*j - 3. Is g(-1) a composite number?
True
Let x(t) = -t**2 - 15*t - 9. Is x(-11) prime?
False
Suppose i = -2*j + 370, -j + i = -6*j + 925. Is j composite?
True
Let i(v) = -v**3 + 10*v**2 + 6*v + 7. Let n be i(9). Let k = n + -87. Is k a composite number?
True
Let z(s) be the first derivative of 2*s**3/3 - 11*s**2/2 - 6*s + 4. Is z(11) composite?
True
Let q(s) = -34*s + 1. Let u(w) = 2*w - 1. Let y be u(2). Suppose -6 = y*z - 3. Is q(z) a prime number?
False
Suppose f + 142 = 3*k, -3*f + 108 - 547 = 4*k. Is (21/(-15) - -1)*f prime?
False
Suppose 1102 = 5*a + 267. Is a a prime number?
True
Let c(d) = 2*d + 1. Let g be c(2). Suppose -4*r = w - 23, 13 = -4*w + 5*r + 42. Suppose -p - 5*k = w, -2*k - k - 29 = -g*p. Is p a composite number?
True
Let o = -2 + 9. Suppose -2*b - 15 = 5*m, m + 2 = 3*b + 16. Let v = o + m. Is v composite?
True
Let b be 412/16 - (-2)/8. Suppose -4*n = -2*n - b. Is n prime?
True
Let v(y) = -50*y - 9. Is v(-11) a composite number?
False
Suppose 7*t = 5*t + 2694. Suppose 2*i + 265 = t. Is i composite?
False
Suppose 14138 - 2450 = 6*m. Suppose -3*n = -7*n + m. Is n composite?
False
Suppose -10*r = -2*r - 4456. Is r composite?
False
Let s(p) = -p. Let t be s(4). Let k be t/(-18) - 10/45. Suppose -2*o - x - 1012 = -7*o, 3*o - 5*x - 594 = k. Is o a prime number?
False
Let v be -180*-9*(-6)/(-15). Let h = v + -295. Is h a prime number?
True
Let c be -1*2*-1 + 1. Suppose 2*v - 26 = -y - 1, 0 = -y + c*v. Suppose y = 2*x - 59. Is x a composite number?
False
Suppose 3*n - 3 + 21 = s, n + 22 = s. Suppose 3*w - s = 162. Let c = 5 + w. Is c prime?
True
Let b(l) = -l**3 - 11*l**2 - 4*l + 2. Is b(-12) a prime number?
False
Is (-9402)/(-4) - (-8 - 90/(-12)) a composite number?
False
Suppose -3*f - 2*f = -15. Suppose -3*s - 6 = 0, -f*r - 3*s - 12 = -0*r. Is (-105)/(-6)*(-4)/r a prime number?
False
Let i(h) = -2*h**3 - 4*h**2 - 3*h - 2. Let l be i(-2). Suppose -l*q + 34 + 30 = 0. Suppose 4*m + 0*m - q = 0. Is m prime?
False
Is (11/(-22))/((-1)/188) a composite number?
True
Suppose -297 + 1217 = 8*x. Is x a prime number?
False
Let l(f) = 5*f**2 + 10*f + 19. Is l(-10) a composite number?
False
Let y(j) = -2*j - 9. Let k be y(-8). Is 1184/(k + -3) + -1 a prime number?
False
Let h be (-2)/(-9) - 3308/(-18). Let f = h + 51. Suppose -c + 6*c = f. Is c a composite number?
False
Let n = -1 - -1. Suppose -q = -n*q - 377. Let o = q + -262. Is o composite?
True
Let z be 308/9 + 4/(-18). Suppose q = 3*m + 4*q - 21, 2*m - 3*q - z = 0. Is m a prime number?
True
Is 239 - ((-1 - -3) + -2) prime?
True
Suppose -1042 + 283 = -3*y. Is y composite?
True
Suppose -2*f + 2 = 2*s, -3*f + 5*s = -5 - 22. Let z = 6 - f. Suppose -3